{"id":2466,"date":"2014-09-16T21:43:57","date_gmt":"2014-09-16T21:43:57","guid":{"rendered":"http:\/\/dykn.de\/?page_id=2466"},"modified":"2025-05-21T14:50:34","modified_gmt":"2025-05-21T14:50:34","slug":"mitglied-werden","status":"publish","type":"page","link":"https:\/\/fortschritt-wuerzburg.net\/wordpress\/mitglied-werden\/","title":{"rendered":"Wir \u00fcber uns"},"content":{"rendered":"<!--themify_builder_content-->\n<div id=\"themify_builder_content-2466\" data-postid=\"2466\" class=\"themify_builder_content themify_builder_content-2466 themify_builder tf_clear\">\n                    <div  data-lazy=\"1\" class=\"module_row themify_builder_row tb_7cs4011 tb_first tf_w\" data-tf-animation=\"fly-in\">\n                        <div class=\"row_inner col_align_top tb_col_count_2 tf_box tf_rel\">\n                        <div  data-lazy=\"1\" class=\"module_column tb-column col4-2 tb_7ec4041 first\">\n                    <!-- module text -->\n<div  class=\"module module-text tb_522z709   \" data-lazy=\"1\">\n        <div  class=\"tb_text_wrap\">\n        <h1><span style=\"color: #ffffff;\">Wir \u00fcber uns<\/span><\/h1>    <\/div>\n<\/div>\n<!-- \/module text -->        <\/div>\n                    <div  data-lazy=\"1\" class=\"module_column tb-column col4-2 tb_f8hw001 last\">\n                            <\/div>\n                        <\/div>\n        <\/div>\n                        <div  data-lazy=\"1\" class=\"module_row themify_builder_row tb_rwci001 tf_w\" data-tf-animation=\"fly-in\">\n                        <div class=\"row_inner col_align_top tb_col_count_2 tf_box tf_rel\">\n                        <div  data-lazy=\"1\" class=\"module_column tb-column col4-2 tb_pea3202 first\">\n                    <!-- module box -->\n<div  class=\"module module-box tb_6h9b004 \" data-lazy=\"1\">\n    <div class=\"module-box-content ui  tb_default_color\">\n                <div class=\"tb_text_wrap\"><p>1995 wurde FortSchritt W\u00fcrzburg e.V. von Eltern gegr\u00fcndet, die sich zusammen schlossen um ihre Kinder mit Zerebralparese, umfassend und ganzheitlich in ihrer Entwicklung zu f\u00f6rdern. Dabei orientierten sie sich an der Bewegungsp\u00e4dagogik der Konduktiven F\u00f6rderung nach Pet\u00f6.<\/p>\n<p>Die beeindruckenden und raschen Fortschritte der Kinder zeigten, dass das holistisch gepr\u00e4gte F\u00f6rdersystem der Konduktiven F\u00f6rderung genau das Richtige f\u00fcr ihre Kinder ist.<\/p>\n<p>Daraufhin setzten sich die Familien das Ziel, ein wohnortnahes und t\u00e4gliches F\u00f6rderangebot aufzubauen. Mit den ersten F\u00f6rderwochen startete FortSchritt W\u00fcrzburg e.V. zun\u00e4chst damit, ungarische Fachkr\u00e4fte (Dipl. Konduktorinnen) zu engagieren, die die ersten Blockf\u00f6rderungen in W\u00fcrzburg durchf\u00fchrten. In der Folge gr\u00fcndete der Verein als Tr\u00e4ger 1998 eine konduktive Tagesst\u00e4tte und fanden im Blindeninstitut W\u00fcrzburg einen Kooperationspartner als Schultr\u00e4ger.<\/p>\n<p>Zus\u00e4tzliche Unterst\u00fctzung fanden die Familien in der Angeh\u00f6rigengruppe, in Betreuungsgruppen, bei Freizeitangeboten und mit einem ehrenamtlicher Helferkreis.<\/p>\n<p>Mit dem Aufbau einer S\u00e4ule f\u00fcr Inklusion ist der Verein heute auch Anstellungstr\u00e4ger f\u00fcr Schulbegleiterinnen, Berufs- und Studienassistenten, Integrationshilfen und Fachintegrationen in Kinderg\u00e4rten. Dabei unterst\u00fctzt, ber\u00e4t und begleitet FortSchritt zahlreiche Familien.<\/p>\n<p>Seit Bestehen des Vereins konnte zahlreiche Teilhabe- Projekte durchgef\u00fchrt werden. So entstanden befristete Kooperationsprojekte mit Einrichtungen der Lebenshilfe in Herrieden, Kitzingen und W\u00fcrzburg und Inklusionsprojekte im Sport- und Freizeitbereich mit ortsans\u00e4ssigen Partnern aus Kultur und Wirtschaft.<\/p>\n<p>Fortschritt W\u00fcrzburg e.V. konnte als sehr kleiner Tr\u00e4ger der Behindertenhilfe mit einem Nischenprofil seine Aufgaben bisher auch deshalb erf\u00fcllen, weil der Verein immer wieder von Freunden, Wegbegleitern, kleineren Initiativen und auch von Menschen aus Wirtschaft und Politik, unterst\u00fctzt wird. Sei es ideell, finanziell, oder auch durch tatkr\u00e4ftiges Zupacken. Daf\u00fcr sind wir sehr dankbar.<\/p><\/div>\n    <\/div>\n<\/div>\n<!-- \/module box -->\n        <\/div>\n                    <div  data-lazy=\"1\" class=\"module_column tb-column col4-2 tb_a010130 last\">\n                    <!-- module box -->\n<div  class=\"module module-box tb_299q012 \" data-lazy=\"1\">\n    <div class=\"module-box-content ui  tb_default_color\">\n                <div class=\"tb_text_wrap\"><p><a href=\"http:\/\/fortschritt-wuerzburg.net\/wordpress\/wp-content\/uploads\/2022\/04\/Vorstand_2022.1.jpg\"><img loading=\"lazy\" decoding=\"async\" class=\"alignnone size-medium wp-image-4626\" src=\"http:\/\/fortschritt-wuerzburg.net\/wordpress\/wp-content\/uploads\/2022\/04\/Vorstand_2022.1-300x225.jpg\" alt=\"\" width=\"300\" height=\"225\" srcset=\"https:\/\/fortschritt-wuerzburg.net\/wordpress\/wp-content\/uploads\/2022\/04\/Vorstand_2022.1-300x225.jpg 300w, https:\/\/fortschritt-wuerzburg.net\/wordpress\/wp-content\/uploads\/2022\/04\/Vorstand_2022.1-768x576.jpg 768w, https:\/\/fortschritt-wuerzburg.net\/wordpress\/wp-content\/uploads\/2022\/04\/Vorstand_2022.1.jpg 1000w\" sizes=\"auto, (max-width: 300px) 100vw, 300px\" \/><\/a><\/p>\n<h2>Der Vorstand<\/h2>\n<p>Vorstand: v.l.n.r.\u00a0 Martin Schr\u00f6der, Elisabeth Pitz, Andrea Krist, Hermann Dumbsky<\/p><\/div>\n    <\/div>\n<\/div>\n<!-- \/module box -->\n        <\/div>\n                        <\/div>\n        <\/div>\n        <\/div>\n<!--\/themify_builder_content-->","protected":false},"excerpt":{"rendered":"<p>Wir \u00fcber uns 1995 wurde FortSchritt W\u00fcrzburg e.V. von Eltern gegr\u00fcndet, die sich zusammen schlossen um ihre Kinder mit Zerebralparese, umfassend und ganzheitlich in ihrer Entwicklung zu f\u00f6rdern. Dabei orientierten sie sich an der Bewegungsp\u00e4dagogik der Konduktiven F\u00f6rderung nach Pet\u00f6. Die beeindruckenden und raschen Fortschritte der Kinder zeigten, dass das holistisch gepr\u00e4gte F\u00f6rdersystem der Konduktiven [&hellip;]<\/p>\n","protected":false},"author":1,"featured_media":0,"parent":0,"menu_order":0,"comment_status":"open","ping_status":"open","template":"","meta":{"footnotes":""},"class_list":["post-2466","page","type-page","status-publish","hentry","has-post-title","has-post-date","has-post-category","has-post-tag","has-post-comment","has-post-author",""],"builder_content":"<h1>Wir \u00fcber uns<\/h1>\n<p>1995 wurde FortSchritt W\u00fcrzburg e.V. von Eltern gegr\u00fcndet, die sich zusammen schlossen um ihre Kinder mit Zerebralparese, umfassend und ganzheitlich in ihrer Entwicklung zu f\u00f6rdern. Dabei orientierten sie sich an der Bewegungsp\u00e4dagogik der Konduktiven F\u00f6rderung nach Pet\u00f6.<\/p> <p>Die beeindruckenden und raschen Fortschritte der Kinder zeigten, dass das holistisch gepr\u00e4gte F\u00f6rdersystem der Konduktiven F\u00f6rderung genau das Richtige f\u00fcr ihre Kinder ist.<\/p> <p>Daraufhin setzten sich die Familien das Ziel, ein wohnortnahes und t\u00e4gliches F\u00f6rderangebot aufzubauen. Mit den ersten F\u00f6rderwochen startete FortSchritt W\u00fcrzburg e.V. zun\u00e4chst damit, ungarische Fachkr\u00e4fte (Dipl. Konduktorinnen) zu engagieren, die die ersten Blockf\u00f6rderungen in W\u00fcrzburg durchf\u00fchrten. In der Folge gr\u00fcndete der Verein als Tr\u00e4ger 1998 eine konduktive Tagesst\u00e4tte und fanden im Blindeninstitut W\u00fcrzburg einen Kooperationspartner als Schultr\u00e4ger.<\/p> <p>Zus\u00e4tzliche Unterst\u00fctzung fanden die Familien in der Angeh\u00f6rigengruppe, in Betreuungsgruppen, bei Freizeitangeboten und mit einem ehrenamtlicher Helferkreis.<\/p> <p>Mit dem Aufbau einer S\u00e4ule f\u00fcr Inklusion ist der Verein heute auch Anstellungstr\u00e4ger f\u00fcr Schulbegleiterinnen, Berufs- und Studienassistenten, Integrationshilfen und Fachintegrationen in Kinderg\u00e4rten. Dabei unterst\u00fctzt, ber\u00e4t und begleitet FortSchritt zahlreiche Familien.<\/p> <p>Seit Bestehen des Vereins konnte zahlreiche Teilhabe- Projekte durchgef\u00fchrt werden. So entstanden befristete Kooperationsprojekte mit Einrichtungen der Lebenshilfe in Herrieden, Kitzingen und W\u00fcrzburg und Inklusionsprojekte im Sport- und Freizeitbereich mit ortsans\u00e4ssigen Partnern aus Kultur und Wirtschaft.<\/p> <p>Fortschritt W\u00fcrzburg e.V. konnte als sehr kleiner Tr\u00e4ger der Behindertenhilfe mit einem Nischenprofil seine Aufgaben bisher auch deshalb erf\u00fcllen, weil der Verein immer wieder von Freunden, Wegbegleitern, kleineren Initiativen und auch von Menschen aus Wirtschaft und Politik, unterst\u00fctzt wird. Sei es ideell, finanziell, oder auch durch tatkr\u00e4ftiges Zupacken. Daf\u00fcr sind wir sehr dankbar.<\/p>\n<p><a href=\"http:\/\/fortschritt-wuerzburg.net\/wordpress\/wp-content\/uploads\/2022\/04\/Vorstand_2022.1.jpg\"><img loading=\"lazy\" decoding=\"async\" src=\"http:\/\/fortschritt-wuerzburg.net\/wordpress\/wp-content\/uploads\/2022\/04\/Vorstand_2022.1-300x225.jpg\" alt=\"\" width=\"300\" height=\"225\" srcset=\"https:\/\/fortschritt-wuerzburg.net\/wordpress\/wp-content\/uploads\/2022\/04\/Vorstand_2022.1-300x225.jpg 300w, https:\/\/fortschritt-wuerzburg.net\/wordpress\/wp-content\/uploads\/2022\/04\/Vorstand_2022.1-768x576.jpg 768w, https:\/\/fortschritt-wuerzburg.net\/wordpress\/wp-content\/uploads\/2022\/04\/Vorstand_2022.1.jpg 1000w\" sizes=\"auto, (max-width: 300px) 100vw, 300px\" \/><\/a><\/p> <h2>Der Vorstand<\/h2> <p>Vorstand: v.l.n.r.\u00a0 Martin Schr\u00f6der, Elisabeth Pitz, Andrea Krist, Hermann Dumbsky<\/p>","_links":{"self":[{"href":"https:\/\/fortschritt-wuerzburg.net\/wordpress\/wp-json\/wp\/v2\/pages\/2466","targetHints":{"allow":["GET"]}}],"collection":[{"href":"https:\/\/fortschritt-wuerzburg.net\/wordpress\/wp-json\/wp\/v2\/pages"}],"about":[{"href":"https:\/\/fortschritt-wuerzburg.net\/wordpress\/wp-json\/wp\/v2\/types\/page"}],"author":[{"embeddable":true,"href":"https:\/\/fortschritt-wuerzburg.net\/wordpress\/wp-json\/wp\/v2\/users\/1"}],"replies":[{"embeddable":true,"href":"https:\/\/fortschritt-wuerzburg.net\/wordpress\/wp-json\/wp\/v2\/comments?post=2466"}],"version-history":[{"count":8,"href":"https:\/\/fortschritt-wuerzburg.net\/wordpress\/wp-json\/wp\/v2\/pages\/2466\/revisions"}],"predecessor-version":[{"id":5845,"href":"https:\/\/fortschritt-wuerzburg.net\/wordpress\/wp-json\/wp\/v2\/pages\/2466\/revisions\/5845"}],"wp:attachment":[{"href":"https:\/\/fortschritt-wuerzburg.net\/wordpress\/wp-json\/wp\/v2\/media?parent=2466"}],"curies":[{"name":"wp","href":"https:\/\/api.w.org\/{rel}","templated":true}]}}

Wir über uns

<!--themify_builder_content-->
<div id="themify_builder_content-2466" data-postid="2466" class="themify_builder_content themify_builder_content-2466 themify_builder tf_clear">
                    <div  data-lazy="1" class="module_row themify_builder_row tb_7cs4011 tb_first tf_w" data-tf-animation="fly-in">
                        <div class="row_inner col_align_top tb_col_count_2 tf_box tf_rel">
                        <div  data-lazy="1" class="module_column tb-column col4-2 tb_7ec4041 first">
                    <!-- module text -->
<div  class="module module-text tb_522z709   " data-lazy="1">
        <div  class="tb_text_wrap">
        <h1><span style="color: #ffffff;">Wir über uns</span></h1>    </div>
</div>
<!-- /module text -->        </div>
                    <div  data-lazy="1" class="module_column tb-column col4-2 tb_f8hw001 last">
                            </div>
                        </div>
        </div>
                        <div  data-lazy="1" class="module_row themify_builder_row tb_rwci001 tf_w" data-tf-animation="fly-in">
                        <div class="row_inner col_align_top tb_col_count_2 tf_box tf_rel">
                        <div  data-lazy="1" class="module_column tb-column col4-2 tb_pea3202 first">
                    <!-- module box -->
<div  class="module module-box tb_6h9b004 " data-lazy="1">
    <div class="module-box-content ui  tb_default_color">
                <div class="tb_text_wrap"><p>1995 wurde FortSchritt Würzburg e.V. von Eltern gegründet, die sich zusammen schlossen um ihre Kinder mit Zerebralparese, umfassend und ganzheitlich in ihrer Entwicklung zu fördern. Dabei orientierten sie sich an der Bewegungspädagogik der Konduktiven Förderung nach Petö.</p>
<p>Die beeindruckenden und raschen Fortschritte der Kinder zeigten, dass das holistisch geprägte Fördersystem der Konduktiven Förderung genau das Richtige für ihre Kinder ist.</p>
<p>Daraufhin setzten sich die Familien das Ziel, ein wohnortnahes und tägliches Förderangebot aufzubauen. Mit den ersten Förderwochen startete FortSchritt Würzburg e.V. zunächst damit, ungarische Fachkräfte (Dipl. Konduktorinnen) zu engagieren, die die ersten Blockförderungen in Würzburg durchführten. In der Folge gründete der Verein als Träger 1998 eine konduktive Tagesstätte und fanden im Blindeninstitut Würzburg einen Kooperationspartner als Schulträger.</p>
<p>Zusätzliche Unterstützung fanden die Familien in der Angehörigengruppe, in Betreuungsgruppen, bei Freizeitangeboten und mit einem ehrenamtlicher Helferkreis.</p>
<p>Mit dem Aufbau einer Säule für Inklusion ist der Verein heute auch Anstellungsträger für Schulbegleiterinnen, Berufs- und Studienassistenten, Integrationshilfen und Fachintegrationen in Kindergärten. Dabei unterstützt, berät und begleitet FortSchritt zahlreiche Familien.</p>
<p>Seit Bestehen des Vereins konnte zahlreiche Teilhabe- Projekte durchgeführt werden. So entstanden befristete Kooperationsprojekte mit Einrichtungen der Lebenshilfe in Herrieden, Kitzingen und Würzburg und Inklusionsprojekte im Sport- und Freizeitbereich mit ortsansässigen Partnern aus Kultur und Wirtschaft.</p>
<p>Fortschritt Würzburg e.V. konnte als sehr kleiner Träger der Behindertenhilfe mit einem Nischenprofil seine Aufgaben bisher auch deshalb erfüllen, weil der Verein immer wieder von Freunden, Wegbegleitern, kleineren Initiativen und auch von Menschen aus Wirtschaft und Politik, unterstützt wird. Sei es ideell, finanziell, oder auch durch tatkräftiges Zupacken. Dafür sind wir sehr dankbar.</p></div>
    </div>
</div>
<!-- /module box -->
        </div>
                    <div  data-lazy="1" class="module_column tb-column col4-2 tb_a010130 last">
                    <!-- module box -->
<div  class="module module-box tb_299q012 " data-lazy="1">
    <div class="module-box-content ui  tb_default_color">
                <div class="tb_text_wrap"><p><a href="http://fortschritt-wuerzburg.net/wordpress/wp-content/uploads/2022/04/Vorstand_2022.1.jpg"><img loading="lazy" decoding="async" class="alignnone size-medium wp-image-4626" src="http://fortschritt-wuerzburg.net/wordpress/wp-content/uploads/2022/04/Vorstand_2022.1-300x225.jpg" alt="" width="300" height="225" srcset="https://fortschritt-wuerzburg.net/wordpress/wp-content/uploads/2022/04/Vorstand_2022.1-300x225.jpg 300w, https://fortschritt-wuerzburg.net/wordpress/wp-content/uploads/2022/04/Vorstand_2022.1-768x576.jpg 768w, https://fortschritt-wuerzburg.net/wordpress/wp-content/uploads/2022/04/Vorstand_2022.1.jpg 1000w" sizes="auto, (max-width: 300px) 100vw, 300px" /></a></p>
<h2>Der Vorstand</h2>
<p>Vorstand: v.l.n.r.  Martin Schröder, Elisabeth Pitz, Andrea Krist, Hermann Dumbsky</p></div>
    </div>
</div>
<!-- /module box -->
        </div>
                        </div>
        </div>
        </div>
<!--/themify_builder_content-->

<p>Wir über uns 1995 wurde FortSchritt Würzburg e.V. von Eltern gegründet, die sich zusammen schlossen um ihre Kinder mit Zerebralparese, umfassend und ganzheitlich in ihrer Entwicklung zu fördern. Dabei orientierten sie sich an der Bewegungspädagogik der Konduktiven Förderung nach Petö. Die beeindruckenden und raschen Fortschritte der Kinder zeigten, dass das holistisch geprägte Fördersystem der Konduktiven [&hellip;]</p>

<h1>Wir über uns</h1>
<p>1995 wurde FortSchritt Würzburg e.V. von Eltern gegründet, die sich zusammen schlossen um ihre Kinder mit Zerebralparese, umfassend und ganzheitlich in ihrer Entwicklung zu fördern. Dabei orientierten sie sich an der Bewegungspädagogik der Konduktiven Förderung nach Petö.</p> <p>Die beeindruckenden und raschen Fortschritte der Kinder zeigten, dass das holistisch geprägte Fördersystem der Konduktiven Förderung genau das Richtige für ihre Kinder ist.</p> <p>Daraufhin setzten sich die Familien das Ziel, ein wohnortnahes und tägliches Förderangebot aufzubauen. Mit den ersten Förderwochen startete FortSchritt Würzburg e.V. zunächst damit, ungarische Fachkräfte (Dipl. Konduktorinnen) zu engagieren, die die ersten Blockförderungen in Würzburg durchführten. In der Folge gründete der Verein als Träger 1998 eine konduktive Tagesstätte und fanden im Blindeninstitut Würzburg einen Kooperationspartner als Schulträger.</p> <p>Zusätzliche Unterstützung fanden die Familien in der Angehörigengruppe, in Betreuungsgruppen, bei Freizeitangeboten und mit einem ehrenamtlicher Helferkreis.</p> <p>Mit dem Aufbau einer Säule für Inklusion ist der Verein heute auch Anstellungsträger für Schulbegleiterinnen, Berufs- und Studienassistenten, Integrationshilfen und Fachintegrationen in Kindergärten. Dabei unterstützt, berät und begleitet FortSchritt zahlreiche Familien.</p> <p>Seit Bestehen des Vereins konnte zahlreiche Teilhabe- Projekte durchgeführt werden. So entstanden befristete Kooperationsprojekte mit Einrichtungen der Lebenshilfe in Herrieden, Kitzingen und Würzburg und Inklusionsprojekte im Sport- und Freizeitbereich mit ortsansässigen Partnern aus Kultur und Wirtschaft.</p> <p>Fortschritt Würzburg e.V. konnte als sehr kleiner Träger der Behindertenhilfe mit einem Nischenprofil seine Aufgaben bisher auch deshalb erfüllen, weil der Verein immer wieder von Freunden, Wegbegleitern, kleineren Initiativen und auch von Menschen aus Wirtschaft und Politik, unterstützt wird. Sei es ideell, finanziell, oder auch durch tatkräftiges Zupacken. Dafür sind wir sehr dankbar.</p>
<p><a href="http://fortschritt-wuerzburg.net/wordpress/wp-content/uploads/2022/04/Vorstand_2022.1.jpg"><img loading="lazy" decoding="async" src="http://fortschritt-wuerzburg.net/wordpress/wp-content/uploads/2022/04/Vorstand_2022.1-300x225.jpg" alt="" width="300" height="225" srcset="https://fortschritt-wuerzburg.net/wordpress/wp-content/uploads/2022/04/Vorstand_2022.1-300x225.jpg 300w, https://fortschritt-wuerzburg.net/wordpress/wp-content/uploads/2022/04/Vorstand_2022.1-768x576.jpg 768w, https://fortschritt-wuerzburg.net/wordpress/wp-content/uploads/2022/04/Vorstand_2022.1.jpg 1000w" sizes="auto, (max-width: 300px) 100vw, 300px" /></a></p> <h2>Der Vorstand</h2> <p>Vorstand: v.l.n.r.  Martin Schröder, Elisabeth Pitz, Andrea Krist, Hermann Dumbsky</p>
